Suppose 16 = w*y - 64. Calculate the greatest common divisor of 10 and y.
10
Suppose 0 = 3*h - 4*p - 248, 3*h + 0*p - p = 251. Suppose -12 = 2*n - h. Calculate the highest common factor of 9 and n.
9
Let a(t) = 23*t**2 + 4*t + 4. Let y be a(-4). Suppose -2*h + 15 + 124 = -5*n, 5*h - 4*n - y = 0. What is the greatest common factor of h and 48?
24
Suppose 5*h - 76 = -6. Suppose 5*o - 16 = h. Suppose -o*y + 460 = -2*y. What is the highest common factor of y and 46?
23
Let x(z) be the first derivative of -z**2/2 + 7*z + 2. Let y be x(-5). What is the highest common factor of y and 84?
12
Let a(m) be the second derivative of m**5/20 - m**4/4 + m**3/6 + m**2/2 - 2*m. Let t be a(4). Calculate the greatest common factor of t and 14.
7
Suppose 4*b - 10 = 5*i, 4*b - 5*i = -3*i + 16. Suppose 2*o = 6*o + 4*w - 84, w = b. What is the highest common factor of 176 and o?
16
Let u = 0 + 3. Suppose 2*f + 3*h - 14 = 0, 46 = -3*f + 7*f - u*h. Let v(d) = d**2 - 9*d - 26. Let w be v(12). Calculate the highest common factor of w and f.
10
Let s = -40 - -73. Let z be -19*(2 - (-2)/(-2)). Let x = 41 + z. Calculate the greatest common divisor of x and s.
11
Let o be (18/(-15))/(2/(-60)). Suppose -7*v + 3*v = -o. Let q(r) = -r + 9. Let u be q(0). What is the greatest common factor of v and u?
9
Let d(t) = 13*t - 11. Let r be d(2). Calculate the highest common divisor of r and 60.
15
Let z(n) = -2*n**3 - 3*n**2 + 2*n + 9. Let t be z(-3). Calculate the greatest common divisor of 120 and t.
30
Let s = -115 + 223. Calculate the greatest common factor of 12 and s.
12
Suppose 5*g = g - 3*i + 14, -4*g + 2*i = -24. Let o = g - 0. Suppose 3*h - 1 - 14 = 0. Calculate the highest common factor of o and h.
5
Let g(j) = -j + 33. Let s be g(0). Let v(r) = -4*r**2 - 46*r + 27. Let p be v(-12). What is the greatest common divisor of p and s?
3
Let p be (-1)/(1/1) + 1. Let f be p - (2 - 2/1). Suppose -2*i - 3*g + 43 = 0, i - 5*g = -f*g - 11. What is the greatest common divisor of i and 112?
14
Let x = 10 + 54. Calculate the greatest common divisor of 8 and x.
8
Suppose 0 = -i + 2*i - 3. Suppose -4*a = -5 - i. Suppose 5*y - a*y - 189 = 0. Calculate the greatest common divisor of 7 and y.
7
Let p = 27 - 9. Let x be (0 + 29/3)*p. Let i = x + -86. What is the greatest common divisor of i and 11?
11
Let t = 133 + -129. Calculate the greatest common factor of t and 10.
2
Let t(s) = -3*s**3 + s**2. Suppose 4*y - 3*o = -13 - 0, -4*y = -2*o + 10. Let i be t(y). Let f = 59 + -51. Calculate the greatest common factor of f and i.
4
Suppose 4*g - 232 = -0*g. Suppose 0 = 3*p - 5*o - g, -p + o - 7 = -23. Suppose -9*t = -4*t - 5. What is the highest common divisor of t and p?
1
Suppose -3*x = -24 - 15. Calculate the greatest common divisor of 117 and x.
13
Suppose 4*x - 19 - 25 = 2*l, x - 2*l - 14 = 0. What is the greatest common factor of x and 2?
2
Let z = -87 + 192. Calculate the highest common divisor of z and 21.
21
Suppose 0*z + 80 = z. Let w(y) = -8*y - 8. Let v be w(-3). Calculate the highest common divisor of v and z.
16
Suppose 0 = -5*m + 2*t + 285, 4*m - 4*t - 195 = -9*t. Let c(r) = 2*r - 1 - 6*r + 3. Let a be c(-5). What is the highest common divisor of a and m?
11
Suppose -y - 4*y = -15. Suppose -y*l + q + 287 = 0, -2*l - 4*q + 162 = -34. Calculate the highest common divisor of l and 12.
12
Let m = 522 - 189. What is the greatest common divisor of m and 37?
37
Suppose 5*h + 56 = 141. What is the highest common factor of 17 and h?
17
Suppose 0 = -3*v - 3, -6*k = -k + 2*v + 497. Let u = -59 - k. Suppose 163 = 5*w - 137. What is the greatest common factor of w and u?
20
Let v be (-2)/1 - (0 - 0). Let k = 41 + v. Let i be (1 + -2)/(3/(-78)). Calculate the highest common factor of i and k.
13
Let w be ((-40)/(-6))/(2/(-6)). Let c be 39/4 + (-5)/w. Let j(m) = -4*m + 2. Let b be j(-2). What is the highest common divisor of c and b?
10
Suppose -3*r - 30 = -6*r. Let x(f) = f**3 - 2*f**2 + 7*f. Let m be x(5). What is the greatest common divisor of m and r?
10
Let v be -8 + 7 + 6/1. Calculate the highest common factor of v and 55.
5
Suppose 2*h - 12 = -h. Suppose h*a - 4*c - 100 = c, 4*a - 88 = 2*c. Suppose -d = -a - 68. Calculate the highest common factor of 11 and d.
11
Let x be 148/28 + (-6)/21. Suppose -b - 3*o + 15 = 0, 3*b + 0*o = -x*o + 49. What is the highest common factor of b and 9?
9
Suppose -5*y = -0*y. Suppose y = 4*b + 5 + 107. Let m = b - -54. What is the highest common divisor of m and 65?
13
Let n = -133 + 165. Calculate the highest common factor of 2 and n.
2
Let d be (18/(-5))/((-2)/10). Calculate the greatest common factor of d and 54.
18
Suppose 3*c + 0*z - 140 = 4*z, -5*z + 5 = 0. What is the greatest common divisor of 12 and c?
12
Let g(z) = z - 6. Let x be g(7). Let k be 0/(-1)*x/(-2). Suppose -40 = -2*l - k. Calculate the greatest common divisor of 30 and l.
10
Let v(t) = t - 1. Let j(c) = c**3 + 3*c**2 - c + 4. Let s be j(-3). Let i be v(s). Calculate the greatest common factor of 2 and i.
2
Let g = 26 - 22. Calculate the highest common factor of g and 18.
2
Let h be (-28)/8 + 1/(-2). Let t = h - -6. Suppose -5*r = -4*z - 428, -4*r + 3*z + 167 = -t*r. Calculate the highest common divisor of r and 11.
11
Let l(q) = q**3 - 4*q**2 + 3*q + 4. Let o be l(5). Let p be 0 + 1 + 1 + -2. Suppose p*g = -4*g + o. What is the highest common factor of g and 11?
11
Let z = -118 + 131. What is the highest common divisor of 169 and z?
13
Let u(b) = -5*b + 3. Let j(f) = 5*f - 3. Let y(m) = 3*j(m) + 2*u(m). Let d be y(5). Let i = 52 - 19. What is the highest common factor of i and d?
11
Let i = -227 - -318. Calculate the highest common factor of 13 and i.
13
Let h = -6 - -182. Calculate the highest common divisor of h and 22.
22
Let f be (-102)/(-9) - (-28)/(-21). What is the highest common factor of 90 and f?
10
Suppose n - 10 + 42 = -5*a, -5*a - 46 = 3*n. Let v(s) = -13*s - 7. Let h be v(n). Calculate the greatest common divisor of h and 21.
21
Suppose 0 = 45*d - 46*d + 10. What is the greatest common divisor of 15 and d?
5
Suppose 3*z + 5 = 4*z. Suppose -3 = -4*b + z. Suppose 4*t - 58 = b. Calculate the greatest common divisor of t and 60.
15
Suppose -4*q + 5*g + 25 = 0, -g + 2 - 7 = 0. Suppose -27 = -3*k + 3*l, -5*k + 0*l - 5*l + 85 = q. What is the greatest common divisor of k and 143?
13
Let s be (-438)/(-27) + (-2)/9. Let l be 5/(105/6) - 1118/(-7). What is the greatest common divisor of l and s?
16
Let x(i) = i**2 + i - 2. Suppose 3*w - 3*m = 9, 4*w - 2*m - 1 = 9. Let c be x(w). What is the highest common divisor of c and 1?
1
Let x = 33 - -1. Calculate the highest common divisor of 374 and x.
34
Let j be (-1)/(-3) - (-4)/6. Let f(n) = -7*n**2 + n. Let x be f(j). Let a be (27/x)/((-1)/8). Calculate the greatest common divisor of a and 9.
9
Let h = -6 + 8. Calculate the greatest common factor of h and 2.
2
Suppose -3*w = 5*h - 46, 4*w + 6 = -h + 5. What is the greatest common divisor of h and 44?
11
Let i(s) = -s + 38. Let d be i(19). Calculate the highest common divisor of 95 and d.
19
Let n(y) be the third derivative of y**6/12 - y**4/24 + 3*y**2. Let o be n(1). Calculate the highest common divisor of 3 and o.
3
Let j(i) = -8*i**3 - i**2. Let w be j(-1). Suppose w = 2*z + 3. What is the greatest common factor of z and 10?
2
Let g be 12/(-10)*(-2500)/30. Calculate the greatest common divisor of g and 40.
20
Let s = 12 - -98. What is the greatest common factor of s and 10?
10
Let b = 5 + -1. Let p be b*-6*(-1)/2. Suppose 7*l = 4*l - 4*t - 17, 2*l - p = 2*t. Calculate the greatest common divisor of 11 and l.
1
Let j = -34 - -21. Let c = j - -18. What is the highest common factor of 1 and c?
1
Let x be (-1)/5 - 89/5. Let y be 8/36 - 194/x. Suppose 231 = p + 2*p. What is the highest common divisor of p and y?
11
Let c = 1 + -1. Suppose c*h + 3*h + 155 = 5*u, 0 = 3*u + 2*h - 74. Suppose j - 8 = 5*t + 1, 0 = -3*j - 4*t + 46. Calculate the highest common factor of j and u.
14
Let r be ((-52)/(-16))/(1/4). Calculate the highest common factor of 52 and r.
13
Suppose -3*d - 14 = -d - b, -4*d + 3*b - 32 = 0. Let v(z) = -z**2 - 7*z + 4. Let q be v(d). Calculate the greatest common factor of 14 and q.
14
Suppose 0 = 5*m - 75 - 240. Suppose o - 4*o = s - 25, -4*o + 4*s + 44 = 0. What is the hi